 ((-70)/(-112) - 76737189/(-312)) + 2/(-13) composite?
True
Suppose 0 = 11*s + 201 + 327. Is (1 + (87 - 2))*(-6504)/s a prime number?
False
Let p(g) = -11*g - 187. Let w be p(-17). Suppose w = -20*u + 10*u + 202450. Is u a composite number?
True
Suppose 2*j - 3*v - 856557 = 0, 5*j - 73*v = -70*v + 2141388. Is j composite?
True
Let f(i) = 11*i**2 + 8*i + 12. Let q be f(-5). Let v = q - -486. Is v prime?
True
Let b = -10 + 13. Suppose -s + b*j + 1509 = 0, -4*j = 2*s + 741 - 3779. Let x = s + -734. Is x prime?
False
Let c be (-4*1579)/((-2)/3). Let w = -4213 + c. Is w prime?
True
Suppose -k = s - 4 + 1, -2*k + 2 = 0. Suppose -5*n + 23520 = 5*z, 3350 = 4*z - s*n - 15460. Is z a prime number?
True
Let g(y) = -17*y**2 - 16*y - 3. Let k be g(9). Is 7/(63/k)*(-39)/26 a prime number?
False
Suppose 4*c = -c - 2*r + 11, 2*c = r + 8. Let z(b) = 53*b**2 - 49*b - 282. Let a be z(-6). Suppose -c*j + a + 297 = 0. Is j composite?
False
Let x(t) = 3687*t + 156. Is x(5) a composite number?
True
Let k be 20954 + 0 + 20/(-10). Let j be (k/12)/((-2)/(-3)). Let g = j + -1822. Is g prime?
True
Suppose 2*y + 21*j - 9078 = 23*j, 9075 = 2*y - 3*j. Suppose 2*x - 5*t - 3029 = -4*t, -3*x = -t - y. Is x a composite number?
True
Is (-6)/135 + (-176320112)/(-720) composite?
False
Let s(l) = -45459*l**3 - 3*l**2 + 770*l + 1539. Is s(-2) composite?
False
Is (-15991)/((-1)/5*5) composite?
False
Let s(c) = c**2 - 8*c + 17. Let a be s(6). Suppose a*b - 4 = -19. Is (1*413)/((-6)/(-12)) - b composite?
False
Let u = 3047 + -1581. Let l be (-5)/(130/11886) + (-2)/(-13). Let t = l + u. Is t prime?
True
Let h(p) = 2970*p - 67. Is h(2) a prime number?
False
Suppose -3*q + 3*k = 3177, 0 = -3*q + 2*k + 1354 - 4534. Let l = 2837 - q. Is l a composite number?
True
Let f be (4/12)/((-1)/(-96)). Is (8/f*2308)/(1/7) a composite number?
True
Suppose -149591 + 26671 = -8*d. Suppose 19*l - 24*l = -d. Is l composite?
True
Let t = -1624974 - -2316529. Is t composite?
True
Let f(k) = 139150*k + 261. Is f(11) a composite number?
False
Let p = 22772 - 13293. Is p composite?
False
Let v(h) = h**3 - 7*h**2 - 22*h + 9. Let o be v(8). Let m = -20 - 25. Let c = m - o. Is c a composite number?
True
Let l = 63772 - -140977. Is l prime?
True
Suppose 4*d = -2*d - 12, 5*p = -3*d + 887539. Is p a prime number?
False
Let c(n) = -n**3 - 8*n**2 + 20*n + 12. Suppose -5*o = 5*b - 0*o - 115, -2*b - 3*o = -45. Suppose 4*t + b = -5*k, 2*t + 20 - 2 = -k. Is c(t) a composite number?
True
Let j be (-88)/(-77)*(-21)/(-6). Suppose -2*f + 3*w = -23481 - 42628, -j*w - 165255 = -5*f. Is f prime?
False
Suppose -16*s + 113 = -415. Suppose -31993 = 10*j - s*j. Is j composite?
True
Let t = 114910 - -35359. Is t composite?
True
Let l(t) be the third derivative of -29*t**2 + 0 - 29/6*t**3 + 0*t - 425/24*t**4. Is l(-6) prime?
True
Suppose 28*m - 167 = -27. Suppose 2347 = m*p - 2428. Is p a composite number?
True
Let i be 144/40 - (-4)/10. Suppose i*t + 36329 - 1925 = v, -5*v - 8580 = t. Let j = t - -14473. Is j a composite number?
True
Let d(s) = 104*s + 224. Let f be d(3). Let u = f - 427. Is u prime?
True
Let l(z) = -25*z**3 - 3*z**2 - 2*z. Let f be l(-2). Suppose 994 = 2*o + f. Let u = -84 + o. Is u a prime number?
True
Suppose 3*t = -2*t - 3*o + 2371, 2*t + 3*o - 943 = 0. Suppose -k = -t + 7. Is k a prime number?
False
Suppose -3*k + 3 = -d, 3*k + 0*k = 2*d. Suppose -d*b - 2396 = -5*b. Suppose h = 4, -3*f - 5*h + b = -h. Is f a prime number?
False
Suppose 3*q - 1518111 = 70*j - 62*j, 5*j - 2530130 = -5*q. Is q composite?
True
Let b be ((-1060)/8)/(10/(-220)). Let q = 4276 - b. Is q a prime number?
True
Let q = -304 - -2158. Let r = 2219 + q. Is r a prime number?
True
Is 20112/36 - -12 - (-3)/9 a composite number?
False
Let k = -12686 + 23893. Let g = k - 4774. Is g prime?
False
Let q(w) = -273*w**3 - 2*w**2 + 3*w + 3. Let j be (-24)/11 + -3 + (-280)/(-88). Is q(j) a prime number?
False
Let w(n) = -n**2 - 10*n - 22. Let r be w(-4). Suppose r + 2 = c. Suppose c*f - 4318 = 350. Is f a prime number?
False
Let a = 15 - 11. Let d be 2/a*14 + -3. Suppose 6*h = -d*g + h + 6389, -5*h + 3187 = 2*g. Is g prime?
True
Suppose 9*v + 31 = -23. Let f be 10/(80/1864)*v/2. Let n = f + 1172. Is n a prime number?
False
Suppose 4*k - 2*k - 3*j = 15, 5*k - 4*j = 20. Suppose -20 = -v - 3*a - 18, 2*v + a + 6 = 0. Is k + v/(-10) - (-26566)/10 a composite number?
False
Suppose 540*p - 541*p = -4*a - 988441, 0 = -2*a - 12. Is p prime?
True
Let a(n) = n**3 - 10*n**2 - 3*n + 22. Let f be a(10). Is (4/f - 113385/(-10))/2 a prime number?
True
Let w = -271 + 270. Is 2122/((w/(-12))/((-1)/(-8))) a prime number?
False
Let n(g) = 5*g**3 - 12*g**2 + 9*g - 7. Let t be 16 + -10 - (-3 - 0). Let w be n(t). Suppose -138 = k - w. Is k a composite number?
False
Let m(t) = 331282*t - 383. Is m(1) composite?
False
Suppose -2982 = -15*h + 14*h. Suppose -5*x + b + 45 = -2933, -5*x + h = b. Suppose 298 = 2*z + 4*i, -6*z + i = -2*z - x. Is z a prime number?
True
Is 816755*(924/70 - 13) prime?
True
Let s = -8903 + 102266. Is s prime?
False
Suppose 36 = 126*f - 120*f. Is f - -10287 - 1*-1 composite?
True
Suppose 16*u - 37119 = 289169. Is u a prime number?
True
Suppose 14*h - 2541377 = -69*h. Is h composite?
True
Suppose 5*q - 15 = 0, w - 9707 - 5522 = -4*q. Is w composite?
False
Let o(v) = 1 + 1 + 0 + 36*v**2 + 283*v**2 - 4*v. Let p(n) = -n**2 + 4*n + 1. Let i be p(4). Is o(i) a composite number?
False
Let v(f) = 678*f**2 - 22*f + 154*f**2 + 1429*f**2 - 4. Is v(-3) prime?
True
Suppose 9*k - 28 = 548. Let d = k - 61. Suppose d*p - 373 - 298 = -x, 4*x + 438 = 2*p. Is p a composite number?
False
Suppose -242407 = -m + 4*v, -484802 = -2*m - 154*v + 156*v. Is m a composite number?
False
Let x = 1428549 - 948800. Is x composite?
False
Suppose 3*y = 4*m + 1214, 5*m - 1536 - 499 = -5*y. Let t = -204 + 345. Let w = y - t. Is w prime?
False
Is 193748/42 + 25/(-525) prime?
False
Suppose -858815 = -6*g + f, -2*f = -5*g + 457034 + 258637. Is g composite?
False
Let a = 30522 - 19547. Suppose 6*h - x = h + a, 2*h - 4*x - 4390 = 0. Is h prime?
False
Let x(r) = -1085*r - 313. Is x(-28) a prime number?
False
Let b(j) = -j**2 - 8*j + 53. Let f be b(4). Suppose -10*x + 12515 = -f*x. Is x a composite number?
False
Let i be 1 + (-2)/3 - 684/(-54). Suppose 0 = 4*r - i*r. Is 1 - (-1 - r)*916 prime?
False
Let u = 39 + -31. Suppose 4*p - p = 0, 19485 = -3*o + p. Is (-2)/u + o/(-12) composite?
False
Suppose 2*f - 5*p = -67, -148 = 3*f + 3*p - p. Is ((-6847)/41)/(2/f) prime?
False
Suppose 0 = 27*b - 7069611 - 1397346. Is b a prime number?
False
Let t = 24 + -21. Suppose 5*j + 16 = -t*k, -j - 22 = 4*j + k. Let b(l) = -37*l - 7. Is b(j) prime?
False
Suppose -p = -3*b - 307918, -p = 84*b - 86*b - 307925. Is p prime?
True
Let j(s) = s - 9. Let g be j(13). Suppose -16 = -4*d + g*z, -d = z + 2*z. Suppose -1889 = -d*q + 3508. Is q a prime number?
False
Let y be (2/6 + 0)/(1/(-9)). Let t be (15/10)/(y/(-13192)). Suppose 3*h = 4*a + 6*h - 6596, 0 = -4*a + 3*h + t. Is a a prime number?
False
Suppose -12*u - 2*f = -17*u + 3807819, 5*f = -6*u + 4569442. Is u a prime number?
True
Suppose 31*m - 2166619 = -404300. Is m a prime number?
False
Suppose 128*d = 17812046 + 71190301 - 2457835. Is d prime?
True
Let c be 5 - 2 - (-1)/(-1). Suppose 3*t = -c*x - 2694, -3*t = -t + 5*x + 1796. Is (t/(-8))/((-2)/(-8)) composite?
False
Suppose -21*u = -22*u - 5*x + 355886, 3*u - 5*x = 1067678. Is u a prime number?
True
Suppose 609463 = 100*i - 7098637. Is i prime?
True
Suppose -2047851 = -4*d + t, -13*d + 12*d = -5*t - 511996. Is d a composite number?
False
Let s be (-4)/6 - 325/(-15). Suppose 1651 - s = 2*k. Suppose 16*t = 11*t + k. Is t a composite number?
False
Let a(t) = 334*t - 10. Let o be a(-8). Let q be 2 + o/(-15) + (-2)/(-10). Suppose -84 = -5*b + q. Is b a composite number?
False
Let i = 17155 + -10256. Is i prime?
True
Let s(n) = -11*n - 26. Let p be s(-5). Suppose 2*k - 255 = -p. Is k prime?
True
Suppose 4*o - 3780 - 8940 = 0. Suppose -v + 3*x = -3144, 4*x - o = -3*v + 6187. Is v/14*4/3 composite?
True
Let b(m) = 2483*m**2 + 267*m - 3335. Is b(12) prime?
True
Let h(g) = -g + 28. Let j be h(24). Suppose -j + 1 = -3*v, -3*v = -5*r + 11242. Is r composite?
True
Let g(r) = 13*r**2 + 117*r + 9. Let z be g(-9). Suppose -3746 